154 - -148. Let b(k) = 3*k + 9. What is b(z)?
-9
Let n(w) = w**2 - 16*w + 15. Let i(o) = -o**2 - 4*o + 26. Let k be i(-6). Give n(k).
-13
Let h be 2/9 - -8*(-42)/54. Let c(m) be the third derivative of -m**4/24 - m**3/3 - m**2. What is c(h)?
4
Suppose -5*k = -5*a, 2*k - 2 = -a + 10. Let w(y) = -y**3 - y**2 - 9*y - 10. Let q(m) = m**3 + 2*m**2 + 10*m + 11. Let p(b) = 6*q(b) + 7*w(b). Give p(k).
0
Let q(m) be the third derivative of m**6/120 + m**5/10 + m**4/4 + m**3/6 - 264*m**2. Determine q(-4).
9
Let o(g) be the third derivative of -g**8/20160 - g**7/1260 + g**6/120 + 3*g**5/20 + 10*g**2. Let i(q) be the third derivative of o(q). Give i(-5).
1
Let y = -37 - -33. Let k(a) be the first derivative of -2*a**2 - 3*a - 1/3*a**3 + 3. Determine k(y).
-3
Let m = 22 + -29. Let y(s) = s**2 + 6*s + 8. Give y(m).
15
Let d(l) = -7*l + 73. Let y be d(9). Let a(g) = g**3 - 9*g**2 - 14*g + 35. Calculate a(y).
-5
Let q(g) be the third derivative of g**4/24 - 7*g**3/6 - 21*g**2 + 3*g. Calculate q(10).
3
Let h(q) = -q**3 - 8*q**2 + 49*q + 5. Let n be h(-12). Let y(s) = s**2 + 4*s + 8. Let k(p) = p**2 + 5*p + 7. Let z(t) = -3*k(t) + 2*y(t). Calculate z(n).
-5
Let k(o) = -o + 5. Suppose -15 - 48 = 7*g. Determine k(g).
14
Let q be -1 - (-12)/8*10. Suppose -3*a - 15 = -3*f, -1 + q = a + 5*f. Let n(c) = 2*c + 1. Calculate n(a).
-3
Let x = -3299 + 3302. Let d(h) = -7*h + 4. Let k(v) = 6*v - 4. Let o(m) = 3*d(m) + 4*k(m). Give o(x).
5
Let u(g) = g**2 + 3. Let z(i) = -10*i**3 - i**2 - 2*i - 1. Let o be z(-1). Let t = -5 + o. Let j = t - 2. Determine u(j).
12
Let s(i) be the second derivative of 7*i**4/12 - 11*i**3/6 + 7*i**2/2 + 16*i. Let u(w) = 11*w**2 - 17*w + 11. Let a(k) = 8*s(k) - 5*u(k). Determine a(5).
11
Let h(l) be the first derivative of -l**3/3 + 4*l**2 + 8*l + 126. What is h(9)?
-1
Let z(r) = -6*r**3 + 5*r**3 + 7*r**2 - 396*r - 2 + 0*r**3 + 397*r. Let m be -2*3/(6/(-7)). What is z(m)?
5
Let v(r) = -r**2 - 5*r + 9. Suppose -28*c + 80 = -38*c. Determine v(c).
-15
Let x(h) = -2*h**3 - 24*h**2 + 23*h - 52. Let z be x(-13). Let t(y) = 3*y + 48. Calculate t(z).
9
Let b be (8/(-45))/8*(-1 - 2). Let l(m) be the third derivative of 0 - b*m**5 - 5/6*m**3 + 7*m**2 + 0*m**4 - 1/120*m**6 + 0*m. Determine l(-4).
-5
Let l(q) = -5*q**2 + 6*q**2 + 0*q - 3 + q + 0. What is l(-5)?
17
Let c(j) = -j**2 + 26*j + 7. Let t(x) = x**2 - 9*x - 1. Let i(w) = c(w) + 3*t(w). Give i(-3).
25
Let r(s) be the third derivative of -1/6*s**3 + 0 + 19*s**2 + 0*s + 1/12*s**4. Determine r(4).
7
Let j(n) = -3*n**3 + 10*n**2 + 4*n - 1. Let c be (-8*5/50)/(2/(-10)). Let q(z) = z**3 - z**2 - z. Let d(k) = c*q(k) + j(k). Give d(-6).
-1
Let l(u) = 7*u - 4. Let s(m) = -m - 1. Let r(f) = l(f) - 4*s(f). Suppose -2*x - 150 = -3*x. Suppose -3*o + x = 147. Calculate r(o).
11
Let q(m) = 2*m**2 + 3*m - 149. Let x be q(8). Let i(h) = 3*h**2 - 7*h - 1. Calculate i(x).
5
Let f(t) be the second derivative of t**4/2 - t**3/2 + t**2 + 46*t + 3. Give f(1).
5
Let s be ((-15)/(-12))/((-1)/(-4)). Let c be (-6 + 6)/((-2)/2). Let b(k) = c*k - k - 171 + 177. Calculate b(s).
1
Suppose -2*h - 4*g + 13 = 3, -20 = -4*h + 2*g. Suppose h*w + 0*w = 10. Let d(k) = 3*k**w + 3*k**2 - k**2 - 1 + k - 5*k**3 - 6*k**2. Give d(1).
-6
Let r(n) = -19*n**3 + 0 - 2*n**2 - 3*n - 13 + 10 + 1. What is r(-1)?
18
Let s(b) be the third derivative of b**4/8 - 31*b**3/6 - 185*b**2 + b. Calculate s(12).
5
Let y(t) = -t**3 - 3*t**2 - 3*t. Suppose 0 = -2*p + 4*h, 6*p = p + h + 45. Let o = p - 13. Determine y(o).
9
Let x(q) be the third derivative of 11*q**2 + 1/24*q**4 + 0 + 1/2*q**3 + 0*q - 1/120*q**6 + 0*q**5. Calculate x(3).
-21
Let x(z) = 3*z**3 + 3*z**2 - 4*z - 9. Let p(f) = -f**2 + 0 - 340*f**3 - 1 + 341*f**3. Let q(n) = 4*p(n) - x(n). What is q(6)?
-7
Let n(w) = -3*w. Let t = 64 - 64. Suppose 4*y - 3*y + 16 = -3*r, t = -5*y - 20. Calculate n(r).
12
Let i(u) = -u**2 + 13*u + 2. Let h be i(13). Let x(f) = 3*f**2 + f**3 + h - 25*f + 15*f + 12*f. Calculate x(-2).
2
Let p(z) = -2*z. Let s be p(4). Suppose 2 = 3*o - 1. Let w(u) = o + 0 + 17*u - 16*u. Calculate w(s).
-7
Let u(b) be the third derivative of b**6/120 - b**5/30 - b**4/24 - b**3/2 + 40*b**2. Calculate u(3).
3
Let q(s) be the first derivative of -s**3/2 - 7*s**2/2 - 4*s - 13. Let l(k) be the first derivative of q(k). Determine l(-5).
8
Suppose 4*f = 4*b, 3*b + 15 = b + 5*f. Let n(r) = r**3 - 6*r**2 + 6*r - 3. Determine n(b).
2
Suppose 3*a + 4*h - 11 = 4, 5 = a + 3*h. Let k(o) = -4*o**2 + a + 2*o + 0*o**2 + 5*o**2 - 8*o. Determine k(6).
5
Let u(l) = l**2 + l + 1. Let j be u(0). Let b(x) be the second derivative of -4*x**3/3 + x**2/2 - 3914*x. Give b(j).
-7
Let f be (2/(-3) - 44/(-3)) + -3. Suppose -5*p - 4*j + 5*j = 23, p + 5*j = f. Let d(g) be the first derivative of g**3/3 + 2*g**2 + 6*g - 1. Calculate d(p).
6
Let a(r) = -2*r**2 - 13*r - 17. Let y(v) = v**2 + 7*v + 8. Let s(l) = 4*a(l) + 9*y(l). Give s(-10).
-6
Let m(k) = k**3 + 11*k**2 - 7*k + 2. Let r(c) = c**3 + 4*c**2 - c. Let l(q) = -m(q) + 2*r(q). Calculate l(2).
4
Let n(u) = -u**2 + 4*u - 1. Let x be n(3). Let l(j) be the second derivative of j**3 - j**2/2 + 7*j + 3. Calculate l(x).
11
Let b(z) = -8*z + 1. Let n = -1405 + 1405. Determine b(n).
1
Let w be (6 + -2)*(-4 + 3). Let f(y) = -2*y**2 - 6*y - 1. Determine f(w).
-9
Let x(f) = f**2 - 10*f + 10. Let c(o) = -5*o + 40. Let w be c(6). Give x(w).
10
Let u(v) = -40*v - 367. Let d be u(-9). Let i(h) = -h**3 - 6*h**2 + 7*h + 14. Determine i(d).
14
Suppose 0 = -v - 3*x - 1, -4*v = 5*x + 1 - 4. Let b(k) be the first derivative of -21*k**2 + 9*k**v + 4*k - 4 + 11*k**2 + 6. Give b(4).
-4
Let n(c) be the third derivative of 1/12*c**4 + 0 + 0*c - 2*c**2 + c**3. Calculate n(-6).
-6
Let k = 54 + -38. Let b = k - 12. Let j(s) = 19*s**2 + 5*s - 3. Let m(h) = 18*h**2 + 4*h - 2. Let c(t) = b*m(t) - 3*j(t). Give c(-1).
15
Let b(w) be the second derivative of -w**4/4 + w**3 - 2*w**2 + 845*w. Give b(5).
-49
Let z(m) = 8*m + 1. Let o(v) = v**2 - 7*v - 234. Let p be o(19). Determine z(p).
-47
Let w(b) = 2*b**2 + 2*b**2 - 3*b**2. Suppose 3*i - 1 = -2*p, 0 = 2*i + 2*p - 0 - 2. Give w(i).
1
Suppose 0 = 2*q + 22*q. Let i(n) = -n**3 + n + 1. What is i(q)?
1
Let c(z) = -z + 5. Suppose 4*k = 4*h - 3*h + 10, 0 = -h - 4*k + 6. Give c(h).
7
Let g(q) be the second derivative of 1/2*q**2 - 3*q - 1/6*q**3 + 0 - 1/12*q**4. Let l(b) = -b**3 - b**2 + 4*b + 1. Let p(m) = 4*g(m) + l(m). Give p(-4).
-11
Let p = -53 - -53. Suppose -3*o + 18 = 3*y, 4*o = o + 4*y - 10. Let r(b) = 4*b - 3*b - b**3 + 5 - b**2 + o*b**3. Determine r(p).
5
Suppose -4*o + 16 = -3*s, -4*s - 17 = s + 3*o. Let z(c) = c**3 + 4*c**2 - 2*c - 5. Let g be z(s). Let d(u) = -3*u - 3 + g*u - u. Calculate d(6).
-9
Let g(w) = -6 + 1 + 3*w + 0*w + w**2. Let v(h) = h**3 + 5*h**2 - 5. Suppose 4*d = u + 5, 2*u - u + 5 = -4*d. Let f be v(u). What is g(f)?
5
Suppose 208 = -10*v - 16*v. Let w(b) = -b + 8. Calculate w(v).
16
Let u = -20 + 38. Suppose -u = s + 3*s - 2*h, -s - 3*h + 13 = 0. Let j(l) = -3*l**2 + l + 3*l**2 - l**2 + 2. What is j(s)?
-4
Let w(t) = t**2 - 8*t - 3. Suppose -5*x + 2*n = -52, -94*n + 89*n = 5. Calculate w(x).
17
Let q(d) = -d - 5. Let f be q(-9). Suppose -n = n + f. Let k(w) be the second derivative of w**3/6 - w**2/2 + 2*w. What is k(n)?
-3
Let q(h) = 9*h + 2. Let r(l) = 11*l + 3. Let v(t) = -4*q(t) + 3*r(t). Give v(-2).
7
Suppose -3 = -7*t + 18. Let r(f) = 2*f + 204*f**3 - 203*f**3 - 3*f + f**2 + t. Determine r(0).
3
Let w(c) be the third derivative of -c**5/60 + c**4/6 - 7*c**3/6 + 13*c**2 - 24*c. What is w(6)?
-19
Let j = 90 - 64. Suppose -5*m = 3*p - 41, 8 = -2*m - 2*p + j. Let h(v) = v - 16. Calculate h(m).
-9
Let h = 8 - 6. Let x(c) = -c**2 - c - 1. Let w(y) = -4*y**2 - 2*y - 3. Let r(a) = -w(a) + 3*x(a). What is r(h)?
2
Let m(f) = f**3 - 5*f**2 + 2*f - 6. Suppose -2*i + 27 = -3*p + 119, 4*p - 123 = 3*i. Suppose p = -r - 0*r. Let d be ((-10)/15)/(4/r). Determine m(d).
4
Let x(i) be the first derivative of i**7/840 - 7*i**6/360 - i**5/60 + 3*i**4/8 + 7*i**3/3 + 10. Let o(c) be the third derivative of x(c). Give o(7).
-5
Suppose 2*d - 36 = -v, -v - 108 = -5*d + v. Let q = -18 + d. Let o(u) = u**q + 0*u**2 + 4*u + 1 - 2 + 0*u. What is o(-4)?
-1
Let y(l) = -2*l**2 + l. Let z(a) = a**2 + 2*a. Let v be z(-3). Let q(u) = u**2 - 1. Let x be